{"id":232,"date":"2022-10-19T15:59:18","date_gmt":"2022-10-19T15:59:18","guid":{"rendered":"https:\/\/editorial.uflo.edu.ar\/?post_type=product&#038;p=232"},"modified":"2026-04-29T15:36:17","modified_gmt":"2026-04-29T15:36:17","slug":"la-aventura-del-ocio","status":"publish","type":"product","link":"https:\/\/editorial.uflo.edu.ar\/index.php\/producto\/la-aventura-del-ocio\/","title":{"rendered":"La aventura del ocio"},"content":{"rendered":"<p><span class=\"sa-collapsed-dropdown active\">A lo largo de este trabajo deseo plasmar las implicancias del ocio consider\u00e1ndolas como una aventura, de all\u00ed el nombre del libro.<\/span><\/p>\n<p><span class=\"sa-collapsed-dropdown active\">Las aventuras son de diversos tipos. Pueden constar de tareas <span class=\"details\"> arriesgadas, ya sean buscadas o no; encuentros con personas, cosas o situaciones impactantes; o bien la realizaci\u00f3n de metas importantes en la vida de un individuo. En todos los casos aparecen, en mayor o menor medida, ciertos tipos de riesgos y tambi\u00e9n alguna incertidumbre.<\/span><\/span><\/p>\n<p><span class=\"sa-collapsed-dropdown active\"><span class=\"details\">La experimentaci\u00f3n de una aventura puede crear estimulaci\u00f3n f\u00edsica y psicol\u00f3gica en el individuo, la cual puede acarrear beneficios, incremento en la autoestima, o perjuicios, como el miedo o la nostalgia, dependiendo del desenlace.<\/span><\/span><\/p>\n<p><span class=\"sa-collapsed-dropdown active\"><span class=\"details\">Es as\u00ed, entonces como la aventura es la capacidad de tomar riesgos, de enfrentarse a lo desconocido, con la adrenalina por dentro de esperar lo que resultar\u00e1 de ello.<\/span><\/span><\/p>\n<p><span class=\"sa-collapsed-dropdown active\"><span class=\"details\">Consideramos la aventura como un valor, puesto que desde este enfoque, nos permitir\u00e1 ensanchar nuestra zona de confort, abarcando cosas nuevas sin temor, e ir en busca de experiencias, de aprendizajes permanentes, que resalten nuestro bienestar bio-psico-social y espiritual.<\/span><\/span><\/p>\n<p><span class=\"sa-collapsed-dropdown active\"><span class=\"details\">Por medio de la aventura, es que podemos enfrentar nuevos retos, tomar caminos diferentes para llegar a la meta propuesta.<\/span><\/span><\/p>\n","protected":false},"excerpt":{"rendered":"<p>A lo largo de este trabajo deseo plasmar las implicancias del ocio consider\u00e1ndolas como una aventura, de all\u00ed el nombre del libro. Las aventuras son de diversos tipos. Pueden constar de tareas arriesgadas, ya sean buscadas o no; encuentros con personas, cosas o situaciones impactantes; o bien la realizaci\u00f3n de metas importantes en la vida [&hellip;]<\/p>\n","protected":false},"featured_media":233,"comment_status":"closed","ping_status":"closed","template":"","meta":{"ocean_post_layout":"","ocean_both_sidebars_style":"","ocean_both_sidebars_content_width":0,"ocean_both_sidebars_sidebars_width":0,"ocean_sidebar":"0","ocean_second_sidebar":"0","ocean_disable_margins":"enable","ocean_add_body_class":"","ocean_shortcode_before_top_bar":"","ocean_shortcode_after_top_bar":"","ocean_shortcode_before_header":"","ocean_shortcode_after_header":"","ocean_has_shortcode":"","ocean_shortcode_after_title":"","ocean_shortcode_before_footer_widgets":"","ocean_shortcode_after_footer_widgets":"","ocean_shortcode_before_footer_bottom":"","ocean_shortcode_after_footer_bottom":"","ocean_display_top_bar":"default","ocean_display_header":"default","ocean_header_style":"","ocean_center_header_left_menu":"0","ocean_custom_header_template":"0","ocean_custom_logo":0,"ocean_custom_retina_logo":0,"ocean_custom_logo_max_width":0,"ocean_custom_logo_tablet_max_width":0,"ocean_custom_logo_mobile_max_width":0,"ocean_custom_logo_max_height":0,"ocean_custom_logo_tablet_max_height":0,"ocean_custom_logo_mobile_max_height":0,"ocean_header_custom_menu":"0","ocean_menu_typo_font_family":"0","ocean_menu_typo_font_subset":"","ocean_menu_typo_font_size":0,"ocean_menu_typo_font_size_tablet":0,"ocean_menu_typo_font_size_mobile":0,"ocean_menu_typo_font_size_unit":"px","ocean_menu_typo_font_weight":"","ocean_menu_typo_font_weight_tablet":"","ocean_menu_typo_font_weight_mobile":"","ocean_menu_typo_transform":"","ocean_menu_typo_transform_tablet":"","ocean_menu_typo_transform_mobile":"","ocean_menu_typo_line_height":0,"ocean_menu_typo_line_height_tablet":0,"ocean_menu_typo_line_height_mobile":0,"ocean_menu_typo_line_height_unit":"","ocean_menu_typo_spacing":0,"ocean_menu_typo_spacing_tablet":0,"ocean_menu_typo_spacing_mobile":0,"ocean_menu_typo_spacing_unit":"","ocean_menu_link_color":"","ocean_menu_link_color_hover":"","ocean_menu_link_color_active":"","ocean_menu_link_background":"","ocean_menu_link_hover_background":"","ocean_menu_link_active_background":"","ocean_menu_social_links_bg":"","ocean_menu_social_hover_links_bg":"","ocean_menu_social_links_color":"","ocean_menu_social_hover_links_color":"","ocean_disable_title":"default","ocean_disable_heading":"default","ocean_post_title":"","ocean_post_subheading":"","ocean_post_title_style":"","ocean_post_title_background_color":"","ocean_post_title_background":0,"ocean_post_title_bg_image_position":"","ocean_post_title_bg_image_attachment":"","ocean_post_title_bg_image_repeat":"","ocean_post_title_bg_image_size":"","ocean_post_title_height":0,"ocean_post_title_bg_overlay":0.5,"ocean_post_title_bg_overlay_color":"","ocean_disable_breadcrumbs":"default","ocean_breadcrumbs_color":"","ocean_breadcrumbs_separator_color":"","ocean_breadcrumbs_links_color":"","ocean_breadcrumbs_links_hover_color":"","ocean_display_footer_widgets":"default","ocean_display_footer_bottom":"default","ocean_custom_footer_template":"0","_glsr_average":0,"_glsr_ranking":0,"_glsr_reviews":0},"product_brand":[],"product_cat":[28],"product_tag":[],"class_list":{"0":"post-232","1":"product","2":"type-product","3":"status-publish","4":"has-post-thumbnail","6":"product_cat-psicologia","8":"entry","9":"has-media","11":"first","12":"instock","13":"shipping-taxable","14":"purchasable","15":"product-type-variable","16":"has-product-nav","17":"col","18":"span_1_of_3","19":"owp-content-center","20":"owp-thumbs-layout-horizontal","21":"owp-btn-normal","22":"owp-tabs-layout-section","23":"has-no-thumbnails"},"_links":{"self":[{"href":"https:\/\/editorial.uflo.edu.ar\/index.php\/wp-json\/wp\/v2\/product\/232","targetHints":{"allow":["GET"]}}],"collection":[{"href":"https:\/\/editorial.uflo.edu.ar\/index.php\/wp-json\/wp\/v2\/product"}],"about":[{"href":"https:\/\/editorial.uflo.edu.ar\/index.php\/wp-json\/wp\/v2\/types\/product"}],"replies":[{"embeddable":true,"href":"https:\/\/editorial.uflo.edu.ar\/index.php\/wp-json\/wp\/v2\/comments?post=232"}],"wp:featuredmedia":[{"embeddable":true,"href":"https:\/\/editorial.uflo.edu.ar\/index.php\/wp-json\/wp\/v2\/media\/233"}],"wp:attachment":[{"href":"https:\/\/editorial.uflo.edu.ar\/index.php\/wp-json\/wp\/v2\/media?parent=232"}],"wp:term":[{"taxonomy":"product_brand","embeddable":true,"href":"https:\/\/editorial.uflo.edu.ar\/index.php\/wp-json\/wp\/v2\/product_brand?post=232"},{"taxonomy":"product_cat","embeddable":true,"href":"https:\/\/editorial.uflo.edu.ar\/index.php\/wp-json\/wp\/v2\/product_cat?post=232"},{"taxonomy":"product_tag","embeddable":true,"href":"https:\/\/editorial.uflo.edu.ar\/index.php\/wp-json\/wp\/v2\/product_tag?post=232"}],"curies":[{"name":"wp","href":"https:\/\/api.w.org\/{rel}","templated":true}]}}