{"id":218,"date":"2022-10-19T14:46:33","date_gmt":"2022-10-19T14:46:33","guid":{"rendered":"https:\/\/editorial.uflo.edu.ar\/?post_type=product&#038;p=218"},"modified":"2026-04-29T15:51:56","modified_gmt":"2026-04-29T15:51:56","slug":"mitos-maritales","status":"publish","type":"product","link":"https:\/\/editorial.uflo.edu.ar\/index.php\/producto\/mitos-maritales\/","title":{"rendered":"Mitos maritales"},"content":{"rendered":"<p><span class=\"sa-collapsed-dropdown active\">Con &#8220;MITOS MARITALES&#8221;, la Editorial de la Universidad de Flores prosigue la difusi\u00f3n en castellano de las obras del profesor Arnold A. Lazarus, Ph. D., iniciada en 1983 con \u201cTERAPIA MULTIMODAL\u201d, <span class=\"details\"> distribuido en Argentina, Latinoam\u00e9rica y Espa\u00f1a. Esta vez, en lugar de exponer ese enfoque claro e integrativo sobre la personalidad total y la psicoterapia en general, Lazarus trata en concreto un tema candente: el de las relaciones matrimoniales en un mundo en cambio acelerado. \u00bfCu\u00e1les son las creencias y valores que sirven como gu\u00edas \u00fatiles a una pareja en el camino de la felicidad y el \u00e9xito?<\/span><\/span><\/p>\n<p><span class=\"sa-collapsed-dropdown active\"><span class=\"details\">Como lo se\u00f1alamos frecuentemente a nuestros pacientes, la psicoterapia transforma grandes ilusiones en peque\u00f1as realidades. \u00a1No es extra\u00f1o que la gente se resista tanto a abandonar esas ilusiones! Para muchos, la realidad parece intolerable y huyen de ella enga\u00f1\u00e1ndose de diversas maneras. Neg\u00e1ndola, &#8220;esperando a Santa Claus&#8221;, como dec\u00eda Eric Berne, creador del An\u00e1lisis Transaccional, intoxic\u00e1ndose con alcohol, con drogas, apelando a creencias esot\u00e9ricas.<\/span><\/span><\/p>\n<p><span class=\"sa-collapsed-dropdown active\"><span class=\"details\">Pero la realidad es inexorable, como las leyes de la naturaleza, y cualquier desviaci\u00f3n de ellas se paga muy caro. La parte Adulta de nuestra personalidad lo sabe. Pero el Ni\u00f1o que llevamos dentro de nosotros sigue creyendo en la magia (&#8220;si cierro los ojos, lo que veo y no me gusta deja de existir&#8221;). Y nuestra parte Parental, grabaciones de padres, otros familiares, maestros y autoridades, contiene muchos prejuicios socialmente prevalentes. Es el Adulto de Lazarus que apela a nuestro Adulto para demostrar que los 24 Mitos Maritales que recopil\u00f3 son creencias err\u00f3neas aceptadas por muchas parejas, por contener una porci\u00f3n de verdad. Pero todos estos Mitos se desv\u00edan hacia un extremo, desequilibrando a los matrimonios bajo su influencia, y causando diversos grados de infelicidad y muchas rupturas conyugales.<\/span><\/span><\/p>\n","protected":false},"excerpt":{"rendered":"<p>Con &#8220;MITOS MARITALES&#8221;, la Editorial de la Universidad de Flores prosigue la difusi\u00f3n en castellano de las obras del profesor Arnold A. Lazarus, Ph. D., iniciada en 1983 con \u201cTERAPIA MULTIMODAL\u201d, distribuido en Argentina, Latinoam\u00e9rica y Espa\u00f1a. Esta vez, en lugar de exponer ese enfoque claro e integrativo sobre la personalidad total y la psicoterapia [&hellip;]<\/p>\n","protected":false},"featured_media":219,"comment_status":"closed","ping_status":"closed","template":"","meta":{"ocean_post_layout":"","ocean_both_sidebars_style":"","ocean_both_sidebars_content_width":0,"ocean_both_sidebars_sidebars_width":0,"ocean_sidebar":"0","ocean_second_sidebar":"0","ocean_disable_margins":"enable","ocean_add_body_class":"","ocean_shortcode_before_top_bar":"","ocean_shortcode_after_top_bar":"","ocean_shortcode_before_header":"","ocean_shortcode_after_header":"","ocean_has_shortcode":"","ocean_shortcode_after_title":"","ocean_shortcode_before_footer_widgets":"","ocean_shortcode_after_footer_widgets":"","ocean_shortcode_before_footer_bottom":"","ocean_shortcode_after_footer_bottom":"","ocean_display_top_bar":"default","ocean_display_header":"default","ocean_header_style":"","ocean_center_header_left_menu":"0","ocean_custom_header_template":"0","ocean_custom_logo":0,"ocean_custom_retina_logo":0,"ocean_custom_logo_max_width":0,"ocean_custom_logo_tablet_max_width":0,"ocean_custom_logo_mobile_max_width":0,"ocean_custom_logo_max_height":0,"ocean_custom_logo_tablet_max_height":0,"ocean_custom_logo_mobile_max_height":0,"ocean_header_custom_menu":"0","ocean_menu_typo_font_family":"0","ocean_menu_typo_font_subset":"","ocean_menu_typo_font_size":0,"ocean_menu_typo_font_size_tablet":0,"ocean_menu_typo_font_size_mobile":0,"ocean_menu_typo_font_size_unit":"px","ocean_menu_typo_font_weight":"","ocean_menu_typo_font_weight_tablet":"","ocean_menu_typo_font_weight_mobile":"","ocean_menu_typo_transform":"","ocean_menu_typo_transform_tablet":"","ocean_menu_typo_transform_mobile":"","ocean_menu_typo_line_height":0,"ocean_menu_typo_line_height_tablet":0,"ocean_menu_typo_line_height_mobile":0,"ocean_menu_typo_line_height_unit":"","ocean_menu_typo_spacing":0,"ocean_menu_typo_spacing_tablet":0,"ocean_menu_typo_spacing_mobile":0,"ocean_menu_typo_spacing_unit":"","ocean_menu_link_color":"","ocean_menu_link_color_hover":"","ocean_menu_link_color_active":"","ocean_menu_link_background":"","ocean_menu_link_hover_background":"","ocean_menu_link_active_background":"","ocean_menu_social_links_bg":"","ocean_menu_social_hover_links_bg":"","ocean_menu_social_links_color":"","ocean_menu_social_hover_links_color":"","ocean_disable_title":"default","ocean_disable_heading":"default","ocean_post_title":"","ocean_post_subheading":"","ocean_post_title_style":"","ocean_post_title_background_color":"","ocean_post_title_background":0,"ocean_post_title_bg_image_position":"","ocean_post_title_bg_image_attachment":"","ocean_post_title_bg_image_repeat":"","ocean_post_title_bg_image_size":"","ocean_post_title_height":0,"ocean_post_title_bg_overlay":0.5,"ocean_post_title_bg_overlay_color":"","ocean_disable_breadcrumbs":"default","ocean_breadcrumbs_color":"","ocean_breadcrumbs_separator_color":"","ocean_breadcrumbs_links_color":"","ocean_breadcrumbs_links_hover_color":"","ocean_display_footer_widgets":"default","ocean_display_footer_bottom":"default","ocean_custom_footer_template":"0","_glsr_average":0,"_glsr_ranking":0,"_glsr_reviews":0},"product_brand":[],"product_cat":[28],"product_tag":[],"class_list":{"0":"post-218","1":"product","2":"type-product","3":"status-publish","4":"has-post-thumbnail","6":"product_cat-psicologia","8":"entry","9":"has-media","11":"first","12":"instock","13":"shipping-taxable","14":"purchasable","15":"product-type-variable","16":"has-product-nav","17":"col","18":"span_1_of_3","19":"owp-content-center","20":"owp-thumbs-layout-horizontal","21":"owp-btn-normal","22":"owp-tabs-layout-section","23":"has-no-thumbnails"},"_links":{"self":[{"href":"https:\/\/editorial.uflo.edu.ar\/index.php\/wp-json\/wp\/v2\/product\/218","targetHints":{"allow":["GET"]}}],"collection":[{"href":"https:\/\/editorial.uflo.edu.ar\/index.php\/wp-json\/wp\/v2\/product"}],"about":[{"href":"https:\/\/editorial.uflo.edu.ar\/index.php\/wp-json\/wp\/v2\/types\/product"}],"replies":[{"embeddable":true,"href":"https:\/\/editorial.uflo.edu.ar\/index.php\/wp-json\/wp\/v2\/comments?post=218"}],"wp:featuredmedia":[{"embeddable":true,"href":"https:\/\/editorial.uflo.edu.ar\/index.php\/wp-json\/wp\/v2\/media\/219"}],"wp:attachment":[{"href":"https:\/\/editorial.uflo.edu.ar\/index.php\/wp-json\/wp\/v2\/media?parent=218"}],"wp:term":[{"taxonomy":"product_brand","embeddable":true,"href":"https:\/\/editorial.uflo.edu.ar\/index.php\/wp-json\/wp\/v2\/product_brand?post=218"},{"taxonomy":"product_cat","embeddable":true,"href":"https:\/\/editorial.uflo.edu.ar\/index.php\/wp-json\/wp\/v2\/product_cat?post=218"},{"taxonomy":"product_tag","embeddable":true,"href":"https:\/\/editorial.uflo.edu.ar\/index.php\/wp-json\/wp\/v2\/product_tag?post=218"}],"curies":[{"name":"wp","href":"https:\/\/api.w.org\/{rel}","templated":true}]}}