{"id":178,"date":"2022-10-13T19:08:46","date_gmt":"2022-10-13T19:08:46","guid":{"rendered":"https:\/\/editorial.uflo.edu.ar\/?post_type=product&#038;p=178"},"modified":"2026-04-29T15:38:29","modified_gmt":"2026-04-29T15:38:29","slug":"las-practicas-pedagogicas-criticas-en-la-educacion-fisica-escolar-una-construccion-autonoma-desde-y-para-la-educacion-fisica","status":"publish","type":"product","link":"https:\/\/editorial.uflo.edu.ar\/index.php\/producto\/las-practicas-pedagogicas-criticas-en-la-educacion-fisica-escolar-una-construccion-autonoma-desde-y-para-la-educacion-fisica\/","title":{"rendered":"Las pr\u00e1cticas pedag\u00f3gicas cr\u00edticas en la educaci\u00f3n f\u00edsica escolar. Una construcci\u00f3n aut\u00f3noma desde y para la educaci\u00f3n f\u00edsica"},"content":{"rendered":"<p><span class=\"sa-collapsed-dropdown active\">Se entiende que la perspectiva cr\u00edtica en Educaci\u00f3n F\u00edsica se va confgurando en la dial\u00e9ctica de la teor\u00eda y la pr\u00e1ctica, aunque sospechamos que existen m\u00e1s aportes te\u00f3ricos, que pr\u00e1cticas <span class=\"details\"> pedag\u00f3gicas emancipadoras, por dos razones: a) porque todav\u00eda la investigaci\u00f3n cient\u00edfca no ha encontrado las maneras m\u00e1s adecuadas de estudiarlas y hacer aportes m\u00e1s s\u00f3lidos que sustenten propuestas transformadoras en Educaci\u00f3n F\u00edsica; b) porque docentes posicionados en intervenciones pedag\u00f3gicas cr\u00edticas o progresistas, no disponen de los lugares ni de los tiempos para aportar sus re\ufb02exiones y experiencias al encontrarse alejados del ejercicio acad\u00e9mico de investigaci\u00f3n y publicaci\u00f3n<br \/>\nde su hacer pedag\u00f3gico. <\/span><\/span><\/p>\n","protected":false},"excerpt":{"rendered":"<p>Se entiende que la perspectiva cr\u00edtica en Educaci\u00f3n F\u00edsica se va confgurando en la dial\u00e9ctica de la teor\u00eda y la pr\u00e1ctica, aunque sospechamos que existen m\u00e1s aportes te\u00f3ricos, que pr\u00e1cticas pedag\u00f3gicas emancipadoras, por dos razones: a) porque todav\u00eda la investigaci\u00f3n cient\u00edfca no ha encontrado las maneras m\u00e1s adecuadas de estudiarlas y hacer aportes m\u00e1s s\u00f3lidos [&hellip;]<\/p>\n","protected":false},"featured_media":179,"comment_status":"closed","ping_status":"closed","template":"","meta":{"ocean_post_layout":"","ocean_both_sidebars_style":"","ocean_both_sidebars_content_width":0,"ocean_both_sidebars_sidebars_width":0,"ocean_sidebar":"0","ocean_second_sidebar":"0","ocean_disable_margins":"enable","ocean_add_body_class":"","ocean_shortcode_before_top_bar":"","ocean_shortcode_after_top_bar":"","ocean_shortcode_before_header":"","ocean_shortcode_after_header":"","ocean_has_shortcode":"","ocean_shortcode_after_title":"","ocean_shortcode_before_footer_widgets":"","ocean_shortcode_after_footer_widgets":"","ocean_shortcode_before_footer_bottom":"","ocean_shortcode_after_footer_bottom":"","ocean_display_top_bar":"default","ocean_display_header":"default","ocean_header_style":"","ocean_center_header_left_menu":"0","ocean_custom_header_template":"0","ocean_custom_logo":0,"ocean_custom_retina_logo":0,"ocean_custom_logo_max_width":0,"ocean_custom_logo_tablet_max_width":0,"ocean_custom_logo_mobile_max_width":0,"ocean_custom_logo_max_height":0,"ocean_custom_logo_tablet_max_height":0,"ocean_custom_logo_mobile_max_height":0,"ocean_header_custom_menu":"0","ocean_menu_typo_font_family":"0","ocean_menu_typo_font_subset":"","ocean_menu_typo_font_size":0,"ocean_menu_typo_font_size_tablet":0,"ocean_menu_typo_font_size_mobile":0,"ocean_menu_typo_font_size_unit":"px","ocean_menu_typo_font_weight":"","ocean_menu_typo_font_weight_tablet":"","ocean_menu_typo_font_weight_mobile":"","ocean_menu_typo_transform":"","ocean_menu_typo_transform_tablet":"","ocean_menu_typo_transform_mobile":"","ocean_menu_typo_line_height":0,"ocean_menu_typo_line_height_tablet":0,"ocean_menu_typo_line_height_mobile":0,"ocean_menu_typo_line_height_unit":"","ocean_menu_typo_spacing":0,"ocean_menu_typo_spacing_tablet":0,"ocean_menu_typo_spacing_mobile":0,"ocean_menu_typo_spacing_unit":"","ocean_menu_link_color":"","ocean_menu_link_color_hover":"","ocean_menu_link_color_active":"","ocean_menu_link_background":"","ocean_menu_link_hover_background":"","ocean_menu_link_active_background":"","ocean_menu_social_links_bg":"","ocean_menu_social_hover_links_bg":"","ocean_menu_social_links_color":"","ocean_menu_social_hover_links_color":"","ocean_disable_title":"default","ocean_disable_heading":"default","ocean_post_title":"","ocean_post_subheading":"","ocean_post_title_style":"","ocean_post_title_background_color":"","ocean_post_title_background":0,"ocean_post_title_bg_image_position":"","ocean_post_title_bg_image_attachment":"","ocean_post_title_bg_image_repeat":"","ocean_post_title_bg_image_size":"","ocean_post_title_height":0,"ocean_post_title_bg_overlay":0.5,"ocean_post_title_bg_overlay_color":"","ocean_disable_breadcrumbs":"default","ocean_breadcrumbs_color":"","ocean_breadcrumbs_separator_color":"","ocean_breadcrumbs_links_color":"","ocean_breadcrumbs_links_hover_color":"","ocean_display_footer_widgets":"default","ocean_display_footer_bottom":"default","ocean_custom_footer_template":"0","_glsr_average":0,"_glsr_ranking":0,"_glsr_reviews":0},"product_brand":[],"product_cat":[19,24],"product_tag":[],"class_list":{"0":"post-178","1":"product","2":"type-product","3":"status-publish","4":"has-post-thumbnail","6":"product_cat-actividad-fisica-y-deporte","7":"product_cat-educacion","9":"entry","10":"has-media","12":"first","13":"instock","14":"shipping-taxable","15":"purchasable","16":"product-type-variable","17":"has-product-nav","18":"col","19":"span_1_of_3","20":"owp-content-center","21":"owp-thumbs-layout-horizontal","22":"owp-btn-normal","23":"owp-tabs-layout-section","24":"has-no-thumbnails"},"_links":{"self":[{"href":"https:\/\/editorial.uflo.edu.ar\/index.php\/wp-json\/wp\/v2\/product\/178","targetHints":{"allow":["GET"]}}],"collection":[{"href":"https:\/\/editorial.uflo.edu.ar\/index.php\/wp-json\/wp\/v2\/product"}],"about":[{"href":"https:\/\/editorial.uflo.edu.ar\/index.php\/wp-json\/wp\/v2\/types\/product"}],"replies":[{"embeddable":true,"href":"https:\/\/editorial.uflo.edu.ar\/index.php\/wp-json\/wp\/v2\/comments?post=178"}],"wp:featuredmedia":[{"embeddable":true,"href":"https:\/\/editorial.uflo.edu.ar\/index.php\/wp-json\/wp\/v2\/media\/179"}],"wp:attachment":[{"href":"https:\/\/editorial.uflo.edu.ar\/index.php\/wp-json\/wp\/v2\/media?parent=178"}],"wp:term":[{"taxonomy":"product_brand","embeddable":true,"href":"https:\/\/editorial.uflo.edu.ar\/index.php\/wp-json\/wp\/v2\/product_brand?post=178"},{"taxonomy":"product_cat","embeddable":true,"href":"https:\/\/editorial.uflo.edu.ar\/index.php\/wp-json\/wp\/v2\/product_cat?post=178"},{"taxonomy":"product_tag","embeddable":true,"href":"https:\/\/editorial.uflo.edu.ar\/index.php\/wp-json\/wp\/v2\/product_tag?post=178"}],"curies":[{"name":"wp","href":"https:\/\/api.w.org\/{rel}","templated":true}]}}